03)/b*(-1 - -4)?
6
Suppose 2*w - 4*w = -12. Suppose -w*h + 6 = -5*h. Suppose -4*z + 3*j + 102 = 0, -4*j + h*j = -2*z + 44. What is the tens digit of z?
2
Let g(m) = -4*m + 44. Suppose 20*c + 9 = 21*c. What is the units digit of g(c)?
8
Suppose 0 = 5*t - l - 863, 660 = 4*t + 4*l - 16. Suppose 6*d - 38 = t. What is the units digit of d?
5
Let x(v) = -12*v - 13. Let h be x(-6). Let t = h - 8. What is the tens digit of t?
5
Let r(d) = -d**3 - 17*d**2 + 26*d - 63. What is the hundreds digit of r(-19)?
1
What is the tens digit of (4050/20)/(1 - (-1)/(-2))?
0
Let h be -36*((-39)/9 - -3). Suppose -4*z = -4*j - 0*j + h, -2*z + 5*j = 18. Let c = z - -22. What is the units digit of c?
8
Suppose -2*r = -2*j + 3828, -2*j - 15*r = -14*r - 3828. What is the tens digit of j?
1
Let z(d) = d**2 + 24*d - 20. Let o be z(-25). Suppose 4*w + 2*l = 370, -3*w + 264 = 2*l - o*l. What is the tens digit of w?
9
Suppose 8*g + 31*g = 31083. What is the tens digit of g?
9
Let r = -872 + 1592. Suppose -6*i + r = -i. What is the units digit of i?
4
Suppose -2 = s - 6. Let v(j) = -s*j - j + 2*j - 2*j - 18. What is the tens digit of v(-12)?
4
Let k be (-4)/4*(0 - 0). Suppose 5*p - 202 = -0*y - 4*y, -2*p - 5*y + 74 = k. Let l = -12 + p. What is the units digit of l?
0
Let p = -1899 + 3785. What is the units digit of p?
6
Let j(f) = 11*f**2 - 6*f + 33. What is the hundreds digit of j(5)?
2
Suppose 4*b + b = -15. Let v(t) = -t**3 + 8*t**2 - 9*t + 8. Let m be v(7). What is the units digit of m/(-1) - 9/b?
9
Let v = 4 + 0. Suppose 0 = 4*o + v*c - 12, 4*c = 4*o + 3*c - 7. Suppose o*a - 12 = -2. What is the units digit of a?
5
Let d(g) = -g**2 - 20*g - 10. Let r be d(-13). Let b = r - 74. What is the units digit of b?
7
Let s = 71 - 77. Let q = 606 - 971. What is the units digit of s/(-4) + q/(-10)?
8
Suppose 0 = -11*d + 4*d - 231. Let z = 68 + d. What is the units digit of z?
5
Let t = 7707 + -5295. What is the units digit of t?
2
Suppose 5*b - 3*m - 37 = 0, -4*b + 1 = 4*m - 3. Suppose -13 = b*y - 78. Let f = y + -6. What is the units digit of f?
7
Let a(o) = o**2 - 5*o + 125. What is the tens digit of a(0)?
2
Suppose 2*x = -3*g + 53, -3*g + 85 = 4*x - 6. Let c = -160 + 239. Suppose -x = -2*a - 3*w, 0*a - c = -5*a + 3*w. What is the tens digit of a?
1
Suppose 11140 = 2*r + 5*v, 5*v + 7431 = 3*r - 9229. What is the tens digit of r?
6
Suppose -4*u + 2772 = 3*x, 2*u = -0*x + 4*x + 1408. What is the units digit of u?
6
Suppose 0 = -23*n + 36*n - 16237. What is the tens digit of n?
4
Let m(n) = -8*n - 148. What is the tens digit of m(-21)?
2
Suppose 37*s = 45*s - 1408. What is the tens digit of s?
7
Let g = -24 - -386. What is the hundreds digit of g?
3
Let x be 4/(-6) - 759/9. Let g = 93 + x. What is the units digit of g?
8
Suppose -5*h - 7 - 3 = 0. Let z be 7*-9*h/6. Suppose -z = -4*k + 51. What is the units digit of k?
8
Suppose a = 2 - 1. Let v be (-8)/20*(a + 84). Let j = v + 52. What is the tens digit of j?
1
Let k be (-2)/(0 - 6/15). Suppose 3 = -4*v - k. What is the units digit of (v/(-5))/((-2)/(-70))?
4
Suppose 0 = -8*z + 29 + 3. Suppose 0 = -z*i + 4*h - 0*h + 320, 3*i - 237 = 4*h. What is the units digit of i?
3
Suppose -5*z = 10, z + 22 = -f + 5*f. Suppose f*y + 138 = 8*y. Suppose s - 22 = -2*d - 0*s, -3*d + y = -5*s. What is the units digit of d?
2
Let z(i) = 67*i + 220. What is the tens digit of z(29)?
6
Let g = 18 + 2. Suppose g*d - 18*d = 170. What is the tens digit of d?
8
Suppose 3*g - 4*k = 1361, 4 - 6 = -2*k. What is the tens digit of g?
5
Let n be (-5)/2*(-48)/60. Suppose 7*g - n*g = 890. What is the units digit of g?
8
Let k = 163 + -352. Let t = -108 - k. Suppose 4*h - t = -5*j, 80 + 13 = 5*h - 2*j. What is the units digit of h?
9
Suppose 31*y = 14200 + 38593. What is the units digit of y?
3
Let k(r) = -5*r**3 - 2*r + 7. Let d be 0 + -1 + -3 + 0 + 1. What is the units digit of k(d)?
8
Let r = -77 - -86. What is the units digit of r?
9
Let p(z) = -z**2 + 5*z - 4. Let t be p(-5). Suppose l + 7 = 4*c + 87, -4*l + 320 = c. Let m = t + l. What is the tens digit of m?
2
Let h(m) = 7*m + 8. Let s = 4 - 10. Let i(x) = -x. Let k be i(s). What is the units digit of h(k)?
0
Let a be (36/30)/((-4)/10). Let q(r) = r**3 - 7*r**2 - 2. Let t be q(7). Let b = t - a. What is the units digit of b?
1
Let r(h) = 79*h**3 - 2*h**2 + 1. Suppose 0 = -2*j, 2 + 0 = 2*p + 2*j. What is the units digit of r(p)?
8
Suppose -3*p = -2*p - 3*p. Suppose 3*l + 7*l - 760 = p. What is the units digit of l?
6
Let u be ((-538)/4)/((-5)/10). Let t = u - 66. What is the units digit of t?
3
Let q(k) = -k**2 - 108*k + 13. What is the units digit of q(-7)?
0
Suppose -3*m - 278 = -2*o + 4*o, 3*o - 348 = 4*m. Let d be m/(-50) - 2/(-10). Suppose -d*i + 163 = 3*i + y, -2*i = y - 64. What is the tens digit of i?
3
Let r(p) = 20*p**2 - 20*p + 250. What is the hundreds digit of r(13)?
3
Let i = 16 + -9. Suppose 118 = -2*f + i*f - 2*c, -4*c = -5*f + 116. Let x = f + 2. What is the units digit of x?
6
Let c(g) = -g**2 - 8*g + 2. Let z be c(-8). Suppose 0*x + z*n + 8 = -x, 4*x = -2*n - 2. Suppose -3 + 29 = x*k. What is the tens digit of k?
1
Suppose 6 = s + s - 2*j, 2*j = -2*s + 22. Let m be -3 + -1 - -1 - -107. Suppose -s*n = -3*n - m. What is the tens digit of n?
2
Suppose -4*c + 4*u = -0*u - 12, -3*c - 19 = 4*u. What is the tens digit of 2 + 34 + c + 3?
3
What is the tens digit of ((-3)/(-7) + (-11825)/(-28))*4?
9
Suppose -3*v - 9 + 342 = 0. What is the tens digit of v?
1
Let p(f) = -f**3 - 5*f**2 - 5*f - 5. Let u be p(-4). Let i be u*246*2/(-4). Suppose 3*d = 75 + i. What is the tens digit of d?
6
What is the hundreds digit of (-13)/((-143)/22) - -1548?
5
Suppose -26 = -2*b + 4*a, 0 = -2*b - 4*a - 3 + 37. What is the units digit of ((-16)/6)/((-10)/b)?
4
Let j = 34 - 29. What is the units digit of 21/35 + 12/j?
3
Suppose 0 = 3*f - 5*l - 940, f + 3*l - l - 295 = 0. Suppose 2*r - f = -23. What is the hundreds digit of r?
1
Suppose 5*o + 2*f = 14, 3*o + 0*o - 27 = 5*f. Suppose 0*k = -o*k. Suppose k*t - 13 = -t. What is the units digit of t?
3
Let a(z) = 60*z**3 - 8*z**2 + 3*z - 2. What is the units digit of a(3)?
5
Let n(u) = 48*u + 437. What is the tens digit of n(0)?
3
Let q(t) be the third derivative of 39*t**6/40 - t**5/60 - 9*t**2. What is the hundreds digit of q(1)?
1
Let g = -27 - -37. Suppose 0 = 4*v + 5*j - g - 9, -4*v - 2 = -2*j. What is the units digit of (-1 - -131)/2 + v?
6
Let d = -948 - -2090. What is the units digit of d?
2
Suppose 5*c - 4*i + 39 = 0, c - i + 3 = -5. Let k = 33 - c. What is the tens digit of k?
4
Let i = 10 - -105. Let a = -8 - -12. Suppose -4*o = 3*d - 269, 0 = -2*o + a*d + d + i. What is the units digit of o?
5
Let n be 468/(-10)*35/(-14). Suppose -1563 = -5*x - 4*l + n, 0 = 3*x - 2*l - 1030. What is the tens digit of (-3)/(-4) - x/(-16)?
2
Let g(m) = 8*m**2 + 2*m + 7. Let c be 1/3 - (-100)/(-30). What is the tens digit of g(c)?
7
Let t be (-2)/13 - (-37)/(-13). Let o be (t - -8)*3/5. What is the units digit of 36 - -3 - (3 - o)?
9
Let p(u) = -3*u - 40. Let w(y) = 4*y + 60. Let v(o) = 7*p(o) + 5*w(o). What is the tens digit of v(-11)?
3
Let i(t) = 12*t - 9 - 5*t + 20 + 8. What is the units digit of i(6)?
1
Let l be (-14)/(-5) + (-6)/(-30). Suppose l*d - 223 = 209. Suppose -2*a + 0*a = -d. What is the tens digit of a?
7
Let b = 8 + -7. Let a = b - -66. What is the units digit of a?
7
Let a be 3*4/(-18)*-3. Suppose -c - 4 = -4*r, 0 = -3*c + 2*r - a + 10. Suppose 0 = -l + 2*t + 11, -4*t - 52 = -c*l - 0*t. What is the tens digit of l?
1
Suppose 5*x + n - 213 = 2400, -3 = -n. What is the hundreds digit of x?
5
Let b(h) = h**2 - 3*h + 3. Let y be b(4). Suppose -y*i + 62 = -43. What is the tens digit of i?
1
Suppose -5*u - 668 = -2*l, -3*u - 1336 = -4*l + 2*u. What is the hundreds digit of l?
3
Suppose 4*b + 1123 = 3*v, 0*v - 3*b + 1891 = 5*v. What is the units digit of v?
7
Let x be -2*(-6 + (2 - 1)). Suppose 0*y + 144 = 4*y. Let q = y - x. What is the tens digit of q?
2
Let i be 1 - (-3)/(-2) - 14/4. Let x = -18 - -50. Let o = x - i. What is the units digit of o?
6
Let g be (54/(-15))/(3/(-80)). Suppose -g = 12*w - 6*w. Let z = 66 + w. What is the units digit of z?
0
What is the tens digit of (-20668)/(-16) + 45/(-60)?
9
Let r(i) = 2*i**2 + i + 1. Let n(d) = -7*d**2 + d + 2. Let b(y) 